{"id":50,"date":"2021-07-24T07:57:22","date_gmt":"2021-07-24T07:57:22","guid":{"rendered":"https:\/\/www.familyservis.cz\/?page_id=50"},"modified":"2021-11-02T19:16:38","modified_gmt":"2021-11-02T19:16:38","slug":"uvod-2","status":"publish","type":"page","link":"https:\/\/www.familyservis.cz\/","title":{"rendered":"\u00davod"},"content":{"rendered":"<div id=\"pl-50\"  class=\"panel-layout\" ><div id=\"pg-50-0\"  class=\"panel-grid panel-no-style\" ><div id=\"pgc-50-0-0\"  class=\"panel-grid-cell\" ><div id=\"panel-50-0-0-0\" class=\"so-panel widget widget_sow-image panel-first-child\" data-index=\"0\" ><div\n\t\t\t\n\t\t\tclass=\"so-widget-sow-image so-widget-sow-image-default-d6014b76747a-50\"\n\t\t\t\n\t\t>\n\n<div class=\"sow-image-container\">\n\t\t<img decoding=\"async\" src=\"https:\/\/www.familyservis.cz\/wp-content\/uploads\/2021\/07\/Uvod.jpg\" width=\"2007\" height=\"755\" srcset=\"https:\/\/www.familyservis.cz\/wp-content\/uploads\/2021\/07\/Uvod.jpg 2007w, https:\/\/www.familyservis.cz\/wp-content\/uploads\/2021\/07\/Uvod-300x113.jpg 300w, https:\/\/www.familyservis.cz\/wp-content\/uploads\/2021\/07\/Uvod-1024x385.jpg 1024w, https:\/\/www.familyservis.cz\/wp-content\/uploads\/2021\/07\/Uvod-768x289.jpg 768w, https:\/\/www.familyservis.cz\/wp-content\/uploads\/2021\/07\/Uvod-1536x578.jpg 1536w, https:\/\/www.familyservis.cz\/wp-content\/uploads\/2021\/07\/Uvod-1200x451.jpg 1200w, https:\/\/www.familyservis.cz\/wp-content\/uploads\/2021\/07\/Uvod-1980x745.jpg 1980w\" sizes=\"auto, (max-width: 2007px) 100vw, 2007px\" alt=\"\" loading=\"lazy\" \t\tclass=\"so-widget-image\"\/>\n\t<\/div>\n\n<\/div><\/div><div id=\"panel-50-0-0-1\" class=\"so-panel widget widget_sow-editor panel-last-child\" data-index=\"1\" ><div class=\"panel-widget-style panel-widget-style-for-50-0-0-1\" ><div\n\t\t\t\n\t\t\tclass=\"so-widget-sow-editor so-widget-sow-editor-base\"\n\t\t\t\n\t\t>\n<div class=\"siteorigin-widget-tinymce textwidget\">\n\t<div class=\"page\" title=\"Page 1\">\n<div class=\"section\">\n<div class=\"layoutArea\">\n<div class=\"column\">\n<div class=\"page\" title=\"Page 1\">\n<div class=\"section\">\n<div class=\"layoutArea\">\n<div class=\"column\">\n<h3>FAMILY SERVIS - AGENTURA PRO VAS\u030cI POHODU<\/h3>\n<p>Jsme zde pro ty, kter\u030ci\u0301 neusta\u0301le r\u030ces\u030ci\u0301 jeden trvaly\u0301 proble\u0301m, a ti\u0301m je nedostatek c\u030casu. Nabi\u0301zi\u0301me pomocnou ruku zejme\u0301na z\u030cena\u0301m a matka\u0301m. Nas\u030ce sluz\u030cby Va\u0301m pomohou od kaz\u030cdodenni\u0301ch starosti\u0301 a umoz\u030cni\u0301 Va\u0301m zvolnit tempo a ve\u030cnovat se tomu co Va\u0301s bavi\u0301, zaji\u0301ma\u0301 a co ma\u0301te ra\u0301dy. Nas\u030ce nabi\u0301dka plati\u0301 stejnou me\u030crou i pro muz\u030ce a otce, na ktere\u0301 jsou starosti s rodinou a doma\u0301cnosti\u0301 z jaky\u0301chkoli du\u030avodu\u030a pr\u030ceneseny.<\/p>\n<\/div>\n<\/div>\n<\/div>\n<\/div>\n<\/div>\n<\/div>\n<\/div>\n<\/div>\n<\/div>\n<\/div><\/div><\/div><\/div><\/div><div id=\"pg-50-1\"  class=\"panel-grid panel-has-style\" ><div class=\"panel-row-style panel-row-style-for-50-1\" ><div id=\"pgc-50-1-0\"  class=\"panel-grid-cell\" ><div id=\"panel-50-1-0-0\" class=\"so-panel widget widget_sow-image panel-first-child panel-last-child\" data-index=\"2\" ><div\n\t\t\t\n\t\t\tclass=\"so-widget-sow-image so-widget-sow-image-default-6b88c04c1f9b-50\"\n\t\t\t\n\t\t>\n\n<div class=\"sow-image-container\">\n\t\t\t<a href=\"https:\/\/www.familyservis.cz\/index.php\/uklidove-a-pomocne-pradce\/\"\n\t\t\t\t\t>\n\t\t\t<img decoding=\"async\" src=\"https:\/\/www.familyservis.cz\/wp-content\/uploads\/2021\/07\/Uklid.jpg\" width=\"189\" height=\"189\" srcset=\"https:\/\/www.familyservis.cz\/wp-content\/uploads\/2021\/07\/Uklid.jpg 189w, https:\/\/www.familyservis.cz\/wp-content\/uploads\/2021\/07\/Uklid-150x150.jpg 150w\" sizes=\"auto, (max-width: 189px) 100vw, 189px\" title=\"\u00daklidov\u00e9 a pomocn\u00e9 pr\u00e1ce\" alt=\"\" loading=\"lazy\" \t\tclass=\"so-widget-image\"\/>\n\t<\/a><\/div>\n\n<h3 class=\"widget-title\">\u00daklidov\u00e9 a pomocn\u00e9 pr\u00e1ce<\/h3><\/div><\/div><\/div><div id=\"pgc-50-1-1\"  class=\"panel-grid-cell\" ><div id=\"panel-50-1-1-0\" class=\"so-panel widget widget_sow-image panel-first-child panel-last-child\" data-index=\"3\" ><div\n\t\t\t\n\t\t\tclass=\"so-widget-sow-image so-widget-sow-image-default-6b88c04c1f9b-50\"\n\t\t\t\n\t\t>\n\n<div class=\"sow-image-container\">\n\t\t\t<a href=\"https:\/\/www.familyservis.cz\/index.php\/hlidani-deti\/\"\n\t\t\t\t\t>\n\t\t\t<img decoding=\"async\" src=\"https:\/\/www.familyservis.cz\/wp-content\/uploads\/2021\/07\/Hlidani.jpg\" width=\"189\" height=\"189\" srcset=\"https:\/\/www.familyservis.cz\/wp-content\/uploads\/2021\/07\/Hlidani.jpg 189w, https:\/\/www.familyservis.cz\/wp-content\/uploads\/2021\/07\/Hlidani-150x150.jpg 150w\" sizes=\"auto, (max-width: 189px) 100vw, 189px\" title=\"Hl\u00edd\u00e1n\u00ed d\u011bt\u00ed\" alt=\"\" loading=\"lazy\" \t\tclass=\"so-widget-image\"\/>\n\t<\/a><\/div>\n\n<h3 class=\"widget-title\">Hl\u00edd\u00e1n\u00ed d\u011bt\u00ed<\/h3><\/div><\/div><\/div><div id=\"pgc-50-1-2\"  class=\"panel-grid-cell\" ><div id=\"panel-50-1-2-0\" class=\"so-panel widget widget_sow-image panel-first-child panel-last-child\" data-index=\"4\" ><div\n\t\t\t\n\t\t\tclass=\"so-widget-sow-image so-widget-sow-image-default-6b88c04c1f9b-50\"\n\t\t\t\n\t\t>\n\n<div class=\"sow-image-container\">\n\t\t\t<a href=\"https:\/\/www.familyservis.cz\/index.php\/cenik-3\/\"\n\t\t\t\t\t>\n\t\t\t<img decoding=\"async\" src=\"https:\/\/www.familyservis.cz\/wp-content\/uploads\/2021\/07\/Cenik.jpg\" width=\"189\" height=\"189\" srcset=\"https:\/\/www.familyservis.cz\/wp-content\/uploads\/2021\/07\/Cenik.jpg 189w, https:\/\/www.familyservis.cz\/wp-content\/uploads\/2021\/07\/Cenik-150x150.jpg 150w\" sizes=\"auto, (max-width: 189px) 100vw, 189px\" title=\"Cen\u00edk\" alt=\"\" loading=\"lazy\" \t\tclass=\"so-widget-image\"\/>\n\t<\/a><\/div>\n\n<h3 class=\"widget-title\">Cen\u00edk<\/h3><\/div><\/div><\/div><div id=\"pgc-50-1-3\"  class=\"panel-grid-cell\" ><div id=\"panel-50-1-3-0\" class=\"so-panel widget widget_sow-image panel-first-child panel-last-child\" data-index=\"5\" ><div\n\t\t\t\n\t\t\tclass=\"so-widget-sow-image so-widget-sow-image-default-6b88c04c1f9b-50\"\n\t\t\t\n\t\t>\n\n<div class=\"sow-image-container\">\n\t\t\t<a href=\"https:\/\/www.familyservis.cz\/index.php\/nabidka-prace\/\"\n\t\t\t\t\t>\n\t\t\t<img decoding=\"async\" src=\"https:\/\/www.familyservis.cz\/wp-content\/uploads\/2021\/07\/Uklid.jpg\" width=\"189\" height=\"189\" srcset=\"https:\/\/www.familyservis.cz\/wp-content\/uploads\/2021\/07\/Uklid.jpg 189w, https:\/\/www.familyservis.cz\/wp-content\/uploads\/2021\/07\/Uklid-150x150.jpg 150w\" sizes=\"auto, (max-width: 189px) 100vw, 189px\" title=\"Nab\u00eddka pr\u00e1ce\" alt=\"\" loading=\"lazy\" \t\tclass=\"so-widget-image\"\/>\n\t<\/a><\/div>\n\n<h3 class=\"widget-title\">Nab\u00eddka pr\u00e1ce<\/h3><\/div><\/div><\/div><\/div><\/div><div id=\"pg-50-2\"  class=\"panel-grid panel-no-style\" ><div id=\"pgc-50-2-0\"  class=\"panel-grid-cell panel-grid-cell-empty\" ><\/div><div id=\"pgc-50-2-1\"  class=\"panel-grid-cell panel-grid-cell-empty panel-grid-cell-mobile-last\" ><\/div><div id=\"pgc-50-2-2\"  class=\"panel-grid-cell panel-grid-cell-empty\" ><\/div><\/div><\/div>","protected":false},"excerpt":{"rendered":"<p>FAMILY SERVIS &#8211; AGENTURA PRO VAS\u030cI POHODU Jsme zde pro ty, kter\u030ci\u0301 neusta\u0301le r\u030ces\u030ci\u0301 jeden trvaly\u0301 proble\u0301m, a ti\u0301m je nedostatek c\u030casu. Nabi\u0301zi\u0301me pomocnou ruku&hellip;<\/p>\n","protected":false},"author":1,"featured_media":0,"parent":0,"menu_order":0,"comment_status":"closed","ping_status":"closed","template":"","meta":{"footnotes":""},"class_list":["post-50","page","type-page","status-publish","hentry"],"_links":{"self":[{"href":"https:\/\/www.familyservis.cz\/index.php\/wp-json\/wp\/v2\/pages\/50","targetHints":{"allow":["GET"]}}],"collection":[{"href":"https:\/\/www.familyservis.cz\/index.php\/wp-json\/wp\/v2\/pages"}],"about":[{"href":"https:\/\/www.familyservis.cz\/index.php\/wp-json\/wp\/v2\/types\/page"}],"author":[{"embeddable":true,"href":"https:\/\/www.familyservis.cz\/index.php\/wp-json\/wp\/v2\/users\/1"}],"replies":[{"embeddable":true,"href":"https:\/\/www.familyservis.cz\/index.php\/wp-json\/wp\/v2\/comments?post=50"}],"version-history":[{"count":19,"href":"https:\/\/www.familyservis.cz\/index.php\/wp-json\/wp\/v2\/pages\/50\/revisions"}],"predecessor-version":[{"id":144,"href":"https:\/\/www.familyservis.cz\/index.php\/wp-json\/wp\/v2\/pages\/50\/revisions\/144"}],"wp:attachment":[{"href":"https:\/\/www.familyservis.cz\/index.php\/wp-json\/wp\/v2\/media?parent=50"}],"curies":[{"name":"wp","href":"https:\/\/api.w.org\/{rel}","templated":true}]}}